ghest common divisor of u and 7.
7
Let z be (1/(-3))/(13/(-1248)). Let j(p) = p**2 + 3*p - 6. Let h = 4 + 2. Let k be j(h). Calculate the highest common factor of k and z.
16
Let x(t) = 14*t + 2. Let u be x(5). Let j(k) = k + 4. Let q be j(-4). Suppose q = 2*h - 11 - 5. What is the greatest common divisor of u and h?
8
Let y be ((-57)/9 - -1)*-12. Let x(j) = j**3 - 3*j**2 - 2*j. Let o be x(3). Let z = o + 14. What is the greatest common divisor of y and z?
8
Let j = 4 + -5. Let y be -1*(j - 40/2). What is the highest common factor of 3 and y?
3
Let n = 9 - -2. Calculate the highest common divisor of 44 and n.
11
Let k = 8 - 3. Suppose k*g + 24 = 2*f, 3*f + 10 = -4*g - 0. Suppose f*p = -2*h + 38, -3*p - 5*h = -6*p + 97. Calculate the highest common divisor of 36 and p.
12
Let t = 19 + 1. Suppose 0 = -4*p + 2*r - 0*r + 22, 0 = r + 1. Calculate the highest common divisor of t and p.
5
Let v(z) = z**2 + 2*z - 1. Let h(c) = -c**2 - 5*c + 8. Let u be h(-6). Let r be v(u). What is the highest common factor of 28 and r?
7
Let h = 593 + -296. Calculate the greatest common factor of h and 27.
27
Suppose 0 = -5*b + 15 + 25. Let o be 46/8 + 2/b. Let k(v) = -v**3 - 8*v**2 - 6*v + 10. Let g be k(-7). What is the greatest common divisor of o and g?
3
Suppose 4*s + 75 = 211. What is the highest common factor of s and 85?
17
Let y be (-7)/(1 + 36/(-33)). Calculate the highest common divisor of 7 and y.
7
Let r(p) = 7*p**3 + p**2 - p + 1. Let b be r(1). Let x = -1 + b. Calculate the greatest common factor of 42 and x.
7
Suppose -3*d - 68 - 16 = 0. Let o = -17 - d. What is the highest common factor of 55 and o?
11
Let b(d) = -d**2 + 11*d + 14. Let t be b(11). Calculate the greatest common divisor of 56 and t.
14
Suppose 0*s - 40 = -5*s. Calculate the greatest common factor of 8 and s.
8
Let l be (-44)/(-36) - 1 - 2764/(-36). Calculate the greatest common factor of l and 33.
11
Let i be (2 + -1)/(8/560). Calculate the highest common divisor of i and 28.
14
Let m = -52 - -147. Let b = 282 - m. Calculate the greatest common factor of 17 and b.
17
Suppose 2*x = 4*d + 64, 4*x - 128 = -0*d + 4*d. Suppose 0 = 4*m - 5 - 11. Calculate the highest common factor of x and m.
4
Suppose 3*c + 2*c + 3*g = 100, 3*c - 4*g = 31. What is the greatest common factor of 34 and c?
17
Let j = 153 + -49. Calculate the greatest common divisor of j and 13.
13
Let m be (4 + -2 + (0 - 1))/1. What is the greatest common factor of m and 13?
1
Let a be (-7)/((-45)/22 + (2 - 0)). What is the greatest common divisor of a and 14?
14
Let b = -16 + 26. Let v(u) = 23*u + 1. Let k be v(3). Calculate the greatest common factor of k and b.
10
Suppose -4 - 2 = -j. Calculate the highest common divisor of j and 42.
6
Let h = 29 - 7. Let y be -1 + 23 + 0/(-1). What is the highest common divisor of h and y?
22
Let m = -20 - -68. Calculate the greatest common divisor of m and 6.
6
Let n be (7 - 5) + 2*-1. Suppose 42 = 2*i - n*i. Suppose 8 + 1 = 3*z. What is the highest common divisor of i and z?
3
Let g be (1 - 10)*8/(-6). Let d = g - 6. Let x be (44/5)/(d/15). Calculate the highest common divisor of 2 and x.
2
Let y = 66 + -36. Suppose 7*v - 2*b = 4*v + 28, 3*v + 2*b = 32. What is the greatest common divisor of v and y?
10
Suppose 2*v - 75 = 5*y, y - 3 + 2 = 0. Calculate the greatest common factor of 16 and v.
8
Let w = -66 - -94. Let t be 2/8 + (-279)/(-4). Calculate the greatest common factor of t and w.
14
Suppose 30 = n - 21. Calculate the greatest common factor of n and 34.
17
Let d be -1*4/16*-4. Let n be d/3 - (-130)/15. Calculate the greatest common divisor of 1 and n.
1
Let p be (-117)/5 + (-10)/(-25). Let x = p - -32. Calculate the greatest common factor of 81 and x.
9
Let p be (-1 + (-111)/9)*-3. Suppose 0 = -n + 2*l + 2*l - 287, -5*l - 1211 = 4*n. Let h be n/(-3) - (-3)/9. What is the greatest common factor of h and p?
20
Let d be (-217)/(-3) - (-1)/(-3). Let i(a) = -6*a + 9 + 2*a + 3*a. Let g be i(0). What is the greatest common divisor of g and d?
9
Let i = -15 - -6. Suppose -10 = -2*t, -6*x = -3*x + 4*t + 133. Let s = i - x. Calculate the greatest common factor of 14 and s.
14
Suppose 22 = h + 5*r, 3*r + 2*r - 29 = -2*h. What is the greatest common divisor of 35 and h?
7
Let d be 92 - -4*(-1)/(-2). Suppose 2*g - 5*h = 51, -4*g + 4*h - 10 = -d. Calculate the highest common divisor of g and 162.
18
Let n be 18*((-2)/3)/1. Let h be (-1)/3 + (-177)/9. Let l = n - h. Calculate the greatest common factor of l and 12.
4
Suppose -k - 1 = x - 5, -5*x + 4*k - 25 = 0. Let g be x/3*-3*12. Suppose 0 = -2*p + p + g. Calculate the greatest common factor of p and 30.
6
Suppose -8 = -c + 3*g, c = 2*g - 6*g + 8. Let x(n) = n**2 - 8*n + 9. Let b be x(c). What is the highest common factor of 45 and b?
9
Suppose 0 = -3*n + 40 - 4. Let y(k) = k**2 + 5. Let l be y(-5). Calculate the highest common divisor of n and l.
6
Let w(v) = -v**2 + 9*v - 11. Let a be w(6). Let c = 18 + a. Let y = 22 - 12. What is the highest common factor of y and c?
5
Let g = -17 + 53. Suppose -5*a + 6*a = -24. Let u = a + g. Calculate the greatest common factor of u and 24.
12
Let p be 2/((-2)/(-5)) - 2. Suppose -2*h + p*h = 0. Suppose q + h*q - 24 = 0. What is the highest common factor of 6 and q?
6
Let c(d) = d**3 + 2*d**2 - 2*d + 1. Suppose -6 + 2 = -4*n. Let j be c(n). Suppose -3*u + 855 = j*u. Calculate the greatest common divisor of 19 and u.
19
Let n = -13 - -17. What is the highest common divisor of 28 and n?
4
Let f(k) = -2 + k**2 + 6*k - 3 - k**2 + k**2. Let m be f(-7). Calculate the greatest common divisor of m and 2.
2
Suppose -5*z + d = 5*d - 48, 5*d + 63 = 4*z. Suppose 0*p = 4*p - 120. Calculate the greatest common factor of z and p.
6
Let l be 6200/60 + (-4)/(-6). Calculate the greatest common divisor of l and 16.
8
Let q(d) = -73*d**2 + d - 1. Let k be q(1). Let y = -52 - k. Calculate the highest common factor of 105 and y.
21
Let b = -86 - -93. Let j(n) = n**3 + 6*n**2 - n - 5. Let d be j(-6). What is the greatest common factor of b and d?
1
Suppose -v - 3*z + 10 + 11 = 0, 5*z - 47 = -3*v. Suppose -2*j + v*d = 4*d - 209, 0 = 3*d - 15. Calculate the highest common divisor of j and 13.
13
Let f(h) = -h**3 - 7*h**2 + h + 14. Let x be f(-7). What is the highest common factor of 14 and x?
7
Let b be (0/(-3))/(3 - 2). Let v(f) = -f**2 - 7*f - 13 - 2 - 8*f + b. Let z be v(-10). Calculate the highest common divisor of 5 and z.
5
Let x be (-3)/9 - 1389/(-9). What is the greatest common divisor of x and 14?
14
Let y be (42/18)/((-2)/(-66)). Let q be 1372/y - 2/(-11). What is the highest common divisor of 36 and q?
18
Let w(k) = -2*k**3 + 8*k**2 - 3*k - 1. Let m be w(3). What is the highest common factor of m and 40?
8
Let t be (20/6)/((-2)/(-54)). Suppose 20 = 2*s - 5*v + v, -v + 94 = 5*s. What is the greatest common divisor of t and s?
18
Suppose 3 - 6 = -q. Calculate the greatest common divisor of 15 and q.
3
Let g = 4 + -4. Suppose -18 = -3*w - g. Suppose -2*f + f + w = 0. What is the highest common divisor of f and 6?
6
Let i(a) = a**2 - 4*a + 2. Let z = -2 + -2. Let y be i(z). What is the greatest common factor of y and 17?
17
Let c(s) = -s**3 + 5*s**2 - 3*s - 1. Suppose 7*f - 2*f + k = 10, -5*f = 5*k + 10. Let x be c(f). Calculate the greatest common divisor of 72 and x.
8
Suppose 0*c + 51 = -5*c - b, -4*b = -4*c - 36. Let o be (-9 + 1)*15/c. Calculate the highest common factor of o and 36.
12
Suppose 61*u = 62*u - 24. Calculate the greatest common factor of 168 and u.
24
Let g(w) = -w**3 + 11*w**2 - 8*w - 6. Let h be g(10). Suppose -98 = -3*v + 3*z + 103, 0 = 3*z - 9. What is the highest common factor of v and h?
14
Suppose -2*z + 0*z - 4 = 0. Let c be ((-1)/z)/(1/(-4)). Let h be 1 - ((-2)/(-1) + c). What is the highest common factor of 1 and h?
1
Let g(y) = -2*y + 1. Let w be g(-4). Let k be (0 - 2) + (-3)/(-1). Calculate the greatest common divisor of k and w.
1
Let r be ((-2)/8 + 1)*4. Suppose r*m = -19 + 1. Let q be 1352/28 - m/(-21). Calculate the greatest common divisor of 12 and q.
12
Let y be 29 + (-1 + -3)/(-4). Let t be y/(-75) + 27/5. Calculate the highest common divisor of 35 and t.
5
Let p(v) = -v**3 - v**2 + 3. Let o be p(0). Suppose 3*q = q - 3*l + 78, -l = 4*q - 136. What is the highest common factor of o 